et n(h) = 6*p(h) + 7*r(h). Let c be n(10). What is the greatest common factor of c and 7?
7
Let q(n) be the first derivative of n**3/3 - 3*n**2 + 38*n + 52. Let o be q(5). Let j = 10 + 1. What is the greatest common divisor of o and j?
11
Suppose -17*c + 13*c - 2*z = -840, 0 = 5*c - 2*z - 1041. Calculate the greatest common divisor of c and 121.
11
Let m be 315/5 + -13 + 16 + -9. Let l = 128 + -52. Calculate the greatest common factor of l and m.
19
Let f(c) = c**3 + 128*c**2 + 263*c + 1404. Let v be f(-126). What is the highest common factor of v and 1194?
6
Suppose 13*n - 138 = 408. What is the highest common factor of n and 1542?
6
Suppose 11 - 63 = -4*w. Let l(a) be the third derivative of -5*a**4/24 + 49*a**3/3 + 2*a**2 + 83. Let k be l(17). What is the greatest common factor of w and k?
13
Let f be (-34)/119 - (-15106)/49. Calculate the highest common factor of f and 294.
14
Let a be (-2)/(-3) + (6225/45 - 2). Calculate the highest common divisor of 4 and a.
1
Let b be (-2 + 8 - 57) + -3. Let d be (-744)/b + 6/27. Calculate the highest common factor of 196 and d.
14
Let s be (-3)/9*-1 - 314/(-3). Calculate the highest common divisor of 280 and s.
35
Let b(c) = -c**3 + 2*c**2 + 2*c + 72. Suppose p + 2*p + 9 = -4*l, -l - p - 3 = 0. Let x be b(l). Calculate the greatest common divisor of 54 and x.
18
Let w be 8/14 - 6264/(-63). Let o(z) = 4 - 4*z - 12 + 0*z - 12. Let m be o(-15). Calculate the highest common factor of w and m.
20
Let q(j) = -13*j + 13. Let w be q(1). Suppose w = 2*k - 275 + 79. What is the greatest common factor of 56 and k?
14
Let l(m) = -275*m - 16719. Let g be l(-66). Calculate the greatest common divisor of g and 636.
159
Let s be (((93 - 0)/1)/(39/(-52)))/(-4). Suppose 2*r + 10 = 0, 5*w + r + 379 = 69. Let q be 3 - (w - 6/(-3)). Calculate the highest common divisor of s and q.
31
Let v be 8/(-52) - (-456)/26*17. Suppose v = 4*r + 98. Let g(j) = 8*j + 20. Let p be g(0). Calculate the highest common divisor of r and p.
10
Suppose -3*a - 13 = -5*w + 12, -3*w - 3*a + 15 = 0. Let r be -2 + -1 + w/(10/24). Calculate the highest common divisor of 153 and r.
9
Let v(a) = -a**2 - 18*a + 26. Let c = -139 - -121. Let u be v(c). What is the greatest common divisor of u and 208?
26
Let y be 4 + ((-3)/(-3) - 2). Let b(d) = 3 - 1 + 103*d - 51*d - 51*d + 3. Let z be b(y). What is the highest common divisor of z and 24?
8
Let g = 268 - 263. Let w be (-20)/90 - (19820/(-18))/g. What is the highest common divisor of 160 and w?
20
Let t(m) = m**3 - 6*m**2 - 8*m - 9. Let h be t(8). Let z(s) = -2*s**3 - 9*s**2 + 9*s + 64. Let n be z(-5). What is the highest common factor of n and h?
11
Suppose -1085 = -6*p + p. Let d(k) = -1375*k - 470219. Let f be d(-342). Calculate the highest common divisor of p and f.
31
Suppose r = -0*z + 3*z + 267, -z - 539 = -2*r. Suppose 2*t - 2*c + 8 = 28, t - 16 = 4*c. Suppose 22 + t = x. Calculate the highest common divisor of x and r.
30
Let y(l) = -17*l + 7. Let c be y(0). Suppose 58 + 362 = c*h. Calculate the greatest common divisor of 110 and h.
10
Suppose -234*u + 12699 = 4*c - 233*u, 4*u = -3*c + 9521. What is the highest common divisor of 127 and c?
127
Suppose -7*l + 40 = -3*l + 2*q, -5*l + 3*q + 50 = 0. Let p(c) = 18*c**2 + 7*c - 1. Let b be p(2). Calculate the greatest common divisor of b and l.
5
Let n = 354 - 363. Let c(z) = -60*z - 240. Let p be c(n). What is the greatest common divisor of p and 30?
30
Suppose -176 = -q + 5*r, 628 = -2*q + 6*q - r. Let b = 1210 + -1198. What is the greatest common divisor of b and q?
12
Let j be (424/(-6))/(0 - (-7)/42). Let g = -335 - j. Calculate the highest common divisor of 178 and g.
89
Suppose -99 = 15*v - 3159. Suppose -4*a - 4*i + 1300 + 256 = 0, 0 = 3*a + 4*i - 1168. Let z = a - v. Calculate the greatest common divisor of z and 23.
23
Suppose 0 = j + h - 14, -3*j - j - 2*h + 62 = 0. Let l = 17 - j. Suppose l = -2*a + 8. Calculate the highest common factor of 12 and a.
4
Suppose -70 = 14*w + 644. Suppose -3*l = 4*x + 299, -5*x - 4*l - 375 = -0*l. Let c = w - x. Calculate the highest common factor of 80 and c.
20
Suppose 196*r - 98388 = 105485 + 17999. Calculate the highest common factor of 4 and r.
4
Let p be 4/(-6) + (-160)/(-15). Let v = 4 - -6. Let i be (v/7)/((-4)/(-28)). What is the greatest common divisor of p and i?
10
Let w be 20/(-4 - (-12366)/3090). Suppose 33*s = w + 2768. Calculate the highest common factor of s and 22.
22
Suppose -5*s - g = -s - 926, s + 5*g = 241. Let l = -109 + s. Let d = 173 - l. Calculate the greatest common divisor of d and 17.
17
Let r(t) = t**2 - 48*t + 704. Let j be r(22). What is the highest common factor of j and 2739?
33
Suppose -3*h + i + 1157 = 0, h = -5*i + 198 + 193. Calculate the highest common factor of h and 4.
2
Suppose -16*r + 19*r = 81. Let z = -25 + r. Let j be 5/(((-1)/z)/((-62)/4)). What is the highest common factor of j and 62?
31
Let l(n) = 8*n + 185 - 312 - 104 + 19*n. Let g be l(9). Calculate the highest common factor of 132 and g.
12
Let h(y) = -y**3 + 19*y**2 - 46*y + 23. Let m be h(16). Suppose -5*n + 510 = m. What is the highest common factor of n and 169?
13
Let f be 8/6*(-28935)/(-2572). Suppose -5 = -2*z + 1. Calculate the highest common factor of f and z.
3
Suppose -2*j + 154 = -6*j - 2*o, 3*j = 5*o - 135. Let g = 258 + -169. Let v = g + j. What is the highest common divisor of v and 14?
7
Suppose 208560 - 24564 = 36*y. Calculate the highest common divisor of y and 19.
19
Suppose -12 = 26*o - 4*o - 254. What is the highest common factor of 5973 and o?
11
Let m = -134 + 137. Let v(l) = 70*l - 49. Let g be v(m). What is the highest common factor of g and 46?
23
Let a be ((-92)/18)/(0 - 36/162). Calculate the greatest common divisor of a and 2645.
23
Suppose 880 + 1040 = 30*i. Calculate the highest common divisor of i and 4448.
32
Let j be (18 - -1) + (45 - 56). Let f = 84 + -48. Suppose 5*s + 2*y = -0*y + 198, -4*y + f = s. What is the highest common divisor of j and s?
8
Let a = 338 + -227. Let x = 158 - a. Calculate the greatest common factor of x and 423.
47
Let i be ((-30)/9)/(13/923*(-3)/9). What is the highest common factor of 310 and i?
10
Let s be 206230/10 - (18/(-7 + 1))/(-3). Calculate the greatest common divisor of s and 42.
42
Let y be (2250/25)/((-3)/(-120)). Calculate the highest common factor of 25 and y.
25
Let r be (2535/(-234))/(1*5/(-30)). What is the greatest common divisor of r and 4849?
13
Let n = 202 + -26. Suppose -5*h + 10*x = 14*x - 160, -3*h + 15*x + 96 = 0. Calculate the greatest common divisor of n and h.
16
Suppose -3*f = 28*f + 1364. Let l be 6/(-9) + f/(-3). What is the greatest common divisor of l and 1?
1
Let o(f) = -f**3 + f**2 + 4. Let c be o(0). Let j(i) = -14*i**3 + 114*i**2 - 10*i + 28. Let w be j(8). What is the greatest common divisor of w and c?
4
Let b = -962 - -1582. Suppose -12*d - 1820 = -b. Let k = -95 - d. What is the greatest common factor of k and 35?
5
Let x be (21 + 9 + -4)/(1 - 0). Let z = 42 - x. What is the highest common factor of 24 and z?
8
Let m = -154 - -157. Suppose 4*h + k = -2*k + 40, m*k = 0. What is the highest common factor of 70 and h?
10
Let m(o) = o**3 - 5*o**2 - 70*o + 124. Let i be m(11). What is the greatest common divisor of i and 50?
10
Suppose -123*c + 112*c - 6941 = 0. Let g = c - -981. Calculate the highest common divisor of g and 50.
50
Suppose 0 = -42*m - 305 + 11. Let z be (-2)/((7/6)/m). Let w(o) = 11*o + 1. Let g be w(1). Calculate the greatest common factor of g and z.
12
Let u = -170 + 148. Let n = -6 - u. What is the greatest common factor of 2 and n?
2
Suppose -q + 5*p = -5 - 6, 23 = -3*q + p. Let a be 35/(-2)*q/(315/28). Calculate the greatest common divisor of 126 and a.
14
Suppose 18*v - 22*v + 4*a + 5672 = 0, 4*v - 5*a = 5668. Calculate the greatest common factor of 18 and v.
18
Suppose l = 6 - 3, 1455 = -4*s + l. Let b = s + 433. Calculate the greatest common divisor of b and 112.
14
Suppose 1448 = 12*c - 3100. Let b = c - 289. What is the highest common factor of b and 36?
18
Let u be ((-31)/93)/(2/(-18)) - -25. Suppose 2*x - 130 = -y, -955 = -5*y - 3*x - 319. Calculate the highest common divisor of u and y.
14
Let y(s) = 1694*s**3 + 10*s**2 - 15*s + 3. Let f be y(1). What is the highest common divis